{"id":14347,"date":"2026-03-26T13:38:11","date_gmt":"2026-03-26T12:38:11","guid":{"rendered":"https:\/\/serwer1911696.home.pl\/autoinstalator\/wordpressplugins\/?post_type=mec-events&#038;p=14347"},"modified":"2026-03-26T13:38:11","modified_gmt":"2026-03-26T12:38:11","slug":"niedziela-milosierdzia-bozego-wspomnienie-sw-zenona-i-sw-juliusza-i-papieza","status":"publish","type":"mec-events","link":"https:\/\/serwer1911696.home.pl\/autoinstalator\/wordpressplugins\/index.php\/events\/niedziela-milosierdzia-bozego-wspomnienie-sw-zenona-i-sw-juliusza-i-papieza\/","title":{"rendered":"Niedziela Mi\u0142osierdzia Bo\u017cego. &#8211; Wspomnienie \u015aw. Zenona i \u015aw. Juliusza  I, papie\u017ca."},"content":{"rendered":"<p><span style=\"font-size: 18pt;\">Niedziela Mi\u0142osierdzia Bo\u017cego, \u015awi\u0119to Mi\u0142osierdzia obchodzona w pierwsz\u0105 niedziel\u0119 po Wielkanocy ku czci Mi\u0142osierdzia Bo\u017cego, ustanowiona w 2000 roku przez \u015bw. Jana Paw\u0142a II w dniu kanonizacji Siostry Faustyny 30 kwietnia . Papie\u017c og\u0142osi\u0142 to \u015bwi\u0119to dla ca\u0142ego Ko\u015bcio\u0142a. Inspiracj\u0105\u00a0 dla ustanowienia\u00a0 tego \u015bwi\u0119ta\u00a0 by\u0142o pragnienie\u00a0 Jezusa, kt\u00f3re przekaza\u0142 w wizji\u00a0 Siostrze Faustynie. \u00a0\u00a0\u00a0\u00a0 <\/span><\/p>\n","protected":false},"excerpt":{"rendered":"<p>Niedziela Mi\u0142osierdzia Bo\u017cego, \u015awi\u0119to Mi\u0142osierdzia obchodzona w pierwsz\u0105 niedziel\u0119 po Wielkanocy ku czci Mi\u0142osierdzia Bo\u017cego, ustanowiona w 2000 roku przez \u015bw. Jana Paw\u0142a II w dniu kanonizacji Siostry Faustyny 30 kwietnia . Papie\u017c og\u0142osi\u0142&#46;&#46;&#46;<\/p>\n","protected":false},"author":1,"featured_media":0,"comment_status":"open","ping_status":"closed","template":"","tags":[],"mec_category":[],"_links":{"self":[{"href":"https:\/\/serwer1911696.home.pl\/autoinstalator\/wordpressplugins\/index.php\/wp-json\/wp\/v2\/mec-events\/14347"}],"collection":[{"href":"https:\/\/serwer1911696.home.pl\/autoinstalator\/wordpressplugins\/index.php\/wp-json\/wp\/v2\/mec-events"}],"about":[{"href":"https:\/\/serwer1911696.home.pl\/autoinstalator\/wordpressplugins\/index.php\/wp-json\/wp\/v2\/types\/mec-events"}],"author":[{"embeddable":true,"href":"https:\/\/serwer1911696.home.pl\/autoinstalator\/wordpressplugins\/index.php\/wp-json\/wp\/v2\/users\/1"}],"replies":[{"embeddable":true,"href":"https:\/\/serwer1911696.home.pl\/autoinstalator\/wordpressplugins\/index.php\/wp-json\/wp\/v2\/comments?post=14347"}],"version-history":[{"count":1,"href":"https:\/\/serwer1911696.home.pl\/autoinstalator\/wordpressplugins\/index.php\/wp-json\/wp\/v2\/mec-events\/14347\/revisions"}],"predecessor-version":[{"id":14348,"href":"https:\/\/serwer1911696.home.pl\/autoinstalator\/wordpressplugins\/index.php\/wp-json\/wp\/v2\/mec-events\/14347\/revisions\/14348"}],"wp:attachment":[{"href":"https:\/\/serwer1911696.home.pl\/autoinstalator\/wordpressplugins\/index.php\/wp-json\/wp\/v2\/media?parent=14347"}],"wp:term":[{"taxonomy":"post_tag","embeddable":true,"href":"https:\/\/serwer1911696.home.pl\/autoinstalator\/wordpressplugins\/index.php\/wp-json\/wp\/v2\/tags?post=14347"},{"taxonomy":"mec_category","embeddable":true,"href":"https:\/\/serwer1911696.home.pl\/autoinstalator\/wordpressplugins\/index.php\/wp-json\/wp\/v2\/mec_category?post=14347"}],"curies":[{"name":"wp","href":"https:\/\/api.w.org\/{rel}","templated":true}]}}

Niedziela Miłosierdzia Bożego. &#8211; Wspomnienie Św. Zenona i Św. Juliusza  I, papieża.

<p><span style="font-size: 18pt;">Niedziela Miłosierdzia Bożego, Święto Miłosierdzia obchodzona w pierwszą niedzielę po Wielkanocy ku czci Miłosierdzia Bożego, ustanowiona w 2000 roku przez św. Jana Pawła II w dniu kanonizacji Siostry Faustyny 30 kwietnia . Papież ogłosił to święto dla całego Kościoła. Inspiracją  dla ustanowienia  tego święta  było pragnienie  Jezusa, które przekazał w wizji  Siostrze Faustynie.      </span></p>

<p>Niedziela Miłosierdzia Bożego, Święto Miłosierdzia obchodzona w pierwszą niedzielę po Wielkanocy ku czci Miłosierdzia Bożego, ustanowiona w 2000 roku przez św. Jana Pawła II w dniu kanonizacji Siostry Faustyny 30 kwietnia . Papież ogłosił&#46;&#46;&#46;</p>
